ivided by 6?
4
What is the remainder when 832 is divided by 57?
34
What is the remainder when 2505 is divided by 22?
19
Calculate the remainder when 127 is divided by 40.
7
Calculate the remainder when 345 is divided by 29.
26
Calculate the remainder when 580 is divided by 49.
41
What is the remainder when 889 is divided by 55?
9
Calculate the remainder when 250 is divided by 81.
7
What is the remainder when 11 is divided by 7?
4
Calculate the remainder when 639 is divided by 63.
9
Calculate the remainder when 94 is divided by 94.
0
Calculate the remainder when 75 is divided by 16.
11
Calculate the remainder when 83 is divided by 44.
39
What is the remainder when 563 is divided by 141?
140
Calculate the remainder when 273 is divided by 23.
20
What is the remainder when 2888 is divided by 22?
6
What is the remainder when 445 is divided by 156?
133
Calculate the remainder when 558 is divided by 21.
12
What is the remainder when 918 is divided by 14?
8
Calculate the remainder when 9794 is divided by 316.
314
Calculate the remainder when 141 is divided by 19.
8
What is the remainder when 287 is divided by 9?
8
Calculate the remainder when 3663 is divided by 72.
63
Calculate the remainder when 349 is divided by 140.
69
What is the remainder when 3622 is divided by 402?
4
What is the remainder when 71 is divided by 38?
33
What is the remainder when 30 is divided by 16?
14
What is the remainder when 182 is divided by 47?
41
Calculate the remainder when 21657 is divided by 11.
9
Calculate the remainder when 186 is divided by 19.
15
Calculate the remainder when 104 is divided by 37.
30
Calculate the remainder when 424 is divided by 172.
80
Calculate the remainder when 4469 is divided by 1482.
23
Calculate the remainder when 351 is divided by 30.
21
Calculate the remainder when 56 is divided by 44.
12
Calculate the remainder when 487 is divided by 82.
77
What is the remainder when 1152 is divided by 327?
171
Calculate the remainder when 95 is divided by 12.
11
Calculate the remainder when 1965 is divided by 58.
51
Calculate the remainder when 1789 is divided by 3.
1
Calculate the remainder when 14 is divided by 6.
2
What is the remainder when 363 is divided by 93?
84
Calculate the remainder when 100 is divided by 18.
10
Calculate the remainder when 1116 is divided by 18.
0
Calculate the remainder when 289 is divided by 2.
1
Calculate the remainder when 135 is divided by 74.
61
What is the remainder when 227 is divided by 4?
3
What is the remainder when 407 is divided by 173?
61
What is the remainder when 146 is divided by 37?
35
Calculate the remainder when 307 is divided by 77.
76
Calculate the remainder when 915 is divided by 151.
9
What is the remainder when 89 is divided by 15?
14
What is the remainder when 342 is divided by 12?
6
What is the remainder when 3477 is divided by 24?
21
What is the remainder when 1596 is divided by 57?
0
What is the remainder when 753 is divided by 33?
27
Calculate the remainder when 257 is divided by 63.
5
What is the remainder when 981 is divided by 91?
71
Calculate the remainder when 212 is divided by 18.
14
Calculate the remainder when 71 is divided by 45.
26
What is the remainder when 1630 is divided by 4?
2
What is the remainder when 888 is divided by 9?
6
Calculate the remainder when 288 is divided by 128.
32
Calculate the remainder when 328 is divided by 31.
18
What is the remainder when 1519 is divided by 1469?
50
Calculate the remainder when 3457 is divided by 3457.
0
What is the remainder when 109 is divided by 42?
25
Calculate the remainder when 873 is divided by 19.
18
Calculate the remainder when 12686 is divided by 18.
14
What is the remainder when 1328 is divided by 38?
36
What is the remainder when 122 is divided by 17?
3
What is the remainder when 5654 is divided by 2826?
2
Calculate the remainder when 3624 is divided by 259.
257
What is the remainder when 114 is divided by 32?
18
Calculate the remainder when 754 is divided by 19.
13
What is the remainder when 13691 is divided by 28?
27
What is the remainder when 120 is divided by 57?
6
Calculate the remainder when 437 is divided by 88.
85
What is the remainder when 58 is divided by 21?
16
What is the remainder when 3195 is divided by 795?
15
Calculate the remainder when 355 is divided by 61.
50
What is the remainder when 455 is divided by 77?
70
Calculate the remainder when 108 is divided by 28.
24
Calculate the remainder when 1478 is divided by 211.
1
What is the remainder when 1023 is divided by 13?
9
What is the remainder when 117127 is divided by 13?
10
Calculate the remainder when 771 is divided by 97.
92
Calculate the remainder when 27 is divided by 10.
7
Calculate the remainder when 13419 is divided by 10.
9
Calculate the remainder when 222 is divided by 212.
10
What is the remainder when 584 is divided by 45?
44
What is the remainder when 131 is divided by 60?
11
What is the remainder when 5623 is divided by 58?
55
What is the remainder when 109 is divided by 31?
16
Calculate the remainder when 19106 is divided by 26.
22
What is the remainder when 473 is divided by 37?
29
What is the remainder when 112 is divided by 65?
47
Calculate the remainder when 690 is divided by 21.
18
Calculate the remainder when 816 is divided by 164.
160
Calculate the remainder when 1155 is divided by 192.
3
What is the remainder when 11561 is divided by 15?
11
What is the remainder when 35 is divided by 27?
8
Calculate the remainder when 103440 is divided by 41.
38
What is the remainder when 55 is divided by 13?
3
What is the remainder when 515 is divided by 86?
85
What is the remainder when 291 is divided by 41?
4
Calculate the remainder when 785 is divided by 153.
20
What is the remainder when 1073 is divided by 16?
1
What is the remainder when 2733 is divided by 18?
15
What is the remainder when 217 is divided by 60?
37
What is the remainder when 461 is divided by 65?
6
Calculate the remainder when 607 is divided by 138.
55
Calculate the remainder when 724 is divided by 123.
109
What is the remainder when 2330 is divided by 53?
51
What is the remainder when 85 is divided by 76?
9
What is the remainder when 156 is divided by 75?
6
Calculate the remainder when 2600 is divided by 137.
134
What is the remainder when 1207 is divided by 291?
43
What is the remainder when 375 is divided by 42?
39
Calculate the remainder when 65 is divided by 23.
19
Calculate the remainder when 769 is divided by 110.
109
What is the remainder when 133 is divided by 7?
0
What is the remainder when 59 is divided by 30?
29
Calculate the remainder when 1363 is divided by 91.
89
What is the remainder when 898 is divided by 20?
18
What is the remainder when 1763 is divided by 587?
2
What is the remainder when 644 is divided by 74?
52
What is the remainder when 253 is divided by 8?
5
What is the remainder when 1160 is divided by 1?
0
Calculate the remainder when 66630 is divided by 21.
18
Calculate the remainder when 4303 is divided by 21.
19
Calculate the remainder when 639 is divided by 16.
15
Calculate the remainder when 121 is divided by 18.
13
What is the remainder when 4236 is divided by 192?
12
Calculate the remainder when 78 is divided by 19.
2
Calculate the remainder when 83 is divided by 12.
11
Calculate the remainder when 128 is divided by 20.
8
Calculate the remainder when 238 is divided by 24.
22
What is the remainder when 3556 is divided by 66?
58
What is the remainder when 312 is divided by 54?
42
Calculate the remainder when 417 is divided by 70.
67
What is the remainder when 431 is divided by 72?
71
Calculate the remainder when 131 is divided by 59.
13
What is the remainder when 340 is divided by 216?
124
Calculate the remainder when 372 is divided by 80.
52
Calculate the remainder when 3835 is divided by 1269.
28
What is the remainder when 43 is divided by 12?
7
What is the remainder when 1027 is divided by 7?
5
Calculate the remainder when 26010 is divided by 14.
12
What is the remainder when 225 is divided by 194?
31
Calculate the remainder when 353 is divided by 24.
17
What is the remainder when 26 is divided by 7?
5
What is the remainder when 26 is divided by 15?
11
Calculate the remainder when 638 is divided by 108.
98
Calculate the remainder when 77 is divided by 5.